{"id":7042,"date":"2024-11-19T09:33:40","date_gmt":"2024-11-19T08:33:40","guid":{"rendered":"https:\/\/dialogosocial.campusfsie.es\/inscripciones\/?page_id=7042"},"modified":"2025-02-10T11:32:34","modified_gmt":"2025-02-10T10:32:34","slug":"inteligencia-emocional-en-la-negociacion-colectiva","status":"publish","type":"page","link":"https:\/\/dialogosocial.campusfsie.es\/inscripciones\/inteligencia-emocional-en-la-negociacion-colectiva\/","title":{"rendered":"Inteligencia emocional en la negociaci\u00f3n colectiva"},"content":{"rendered":"\t\t<div data-elementor-type=\"wp-page\" data-elementor-id=\"7042\" class=\"elementor elementor-7042\">\n\t\t\t\t<div class=\"elementor-element elementor-element-6c01aff e-con-full e-flex e-con e-parent\" data-id=\"6c01aff\" data-element_type=\"container\" data-settings=\"{&quot;background_background&quot;:&quot;classic&quot;}\">\n\t\t\t\t<div class=\"elementor-element elementor-element-501d59c elementor-widget elementor-widget-image\" data-id=\"501d59c\" data-element_type=\"widget\" data-widget_type=\"image.default\">\n\t\t\t\t<div class=\"elementor-widget-container\">\n\t\t\t\t\t\t\t\t\t\t\t\t\t\t\t<img fetchpriority=\"high\" decoding=\"async\" width=\"2659\" height=\"984\" src=\"https:\/\/dialogosocial.campusfsie.es\/inscripciones\/wp-content\/uploads\/2025\/01\/6.png\" class=\"attachment-full size-full wp-image-7569\" alt=\"\" srcset=\"https:\/\/dialogosocial.campusfsie.es\/inscripciones\/wp-content\/uploads\/2025\/01\/6.png 2659w, https:\/\/dialogosocial.campusfsie.es\/inscripciones\/wp-content\/uploads\/2025\/01\/6-300x111.png 300w, https:\/\/dialogosocial.campusfsie.es\/inscripciones\/wp-content\/uploads\/2025\/01\/6-1024x379.png 1024w, https:\/\/dialogosocial.campusfsie.es\/inscripciones\/wp-content\/uploads\/2025\/01\/6-768x284.png 768w, https:\/\/dialogosocial.campusfsie.es\/inscripciones\/wp-content\/uploads\/2025\/01\/6-1536x568.png 1536w, https:\/\/dialogosocial.campusfsie.es\/inscripciones\/wp-content\/uploads\/2025\/01\/6-2048x758.png 2048w\" sizes=\"(max-width: 2659px) 100vw, 2659px\" \/>\t\t\t\t\t\t\t\t\t\t\t\t\t\t\t<\/div>\n\t\t\t\t<\/div>\n\t\t\t\t<\/div>\n\t\t<div class=\"elementor-element elementor-element-726c2e5 e-flex e-con-boxed e-con e-parent\" data-id=\"726c2e5\" data-element_type=\"container\">\n\t\t\t\t\t<div class=\"e-con-inner\">\n\t\t\t\t<div class=\"elementor-element elementor-element-b348a6e elementor-widget elementor-widget-eael-creative-button\" data-id=\"b348a6e\" data-element_type=\"widget\" data-widget_type=\"eael-creative-button.default\">\n\t\t\t\t<div class=\"elementor-widget-container\">\n\t\t\t\t\t        <div class=\"eael-creative-button-wrapper\">\n\n            <a class=\"eael-creative-button eael-creative-button--rayen\" href=\"https:\/\/dialogosocial.campusfsie.es\/inscripciones\/andalucia\/?curso=ANDinteligenciaemocionalenlanegociacioncolectiva&#038;cursoLargo=Inteligencia%20emocional%20en%20la%20negociaci%C3%B3n%20colectiva\" data-text=\"Adelante!\">\n\n\t    \n                <div class=\"creative-button-inner\">\n\n                    \n                    <span class=\"cretive-button-text\">Quiero Inscribirme<\/span>\n\n                                    <\/div>\n\t                        <\/a>\n        <\/div>\n        \t\t\t\t<\/div>\n\t\t\t\t<\/div>\n\t\t\t\t<div class=\"elementor-element elementor-element-8a1d6b5 acordeonfsie elementor-widget elementor-widget-eael-adv-accordion\" data-id=\"8a1d6b5\" data-element_type=\"widget\" data-widget_type=\"eael-adv-accordion.default\">\n\t\t\t\t<div class=\"elementor-widget-container\">\n\t\t\t\t\t        <div class=\"eael-adv-accordion\" id=\"eael-adv-accordion-8a1d6b5\" data-scroll-on-click=\"no\" data-scroll-speed=\"300\" data-accordion-id=\"8a1d6b5\" data-accordion-type=\"toggle\" data-toogle-speed=\"300\">\n    <div class=\"eael-accordion-list\">\n                <div id=\"duracin\" class=\"elementor-tab-title eael-accordion-header active-default\" tabindex=\"0\" data-tab=\"1\" aria-controls=\"elementor-tab-content-1441\"><span class=\"eael-advanced-accordion-icon-closed\"><i aria-hidden=\"true\" class=\"fa-accordion-icon icon icon-stopwatch\"><\/i><\/span><span class=\"eael-advanced-accordion-icon-opened\"><i aria-hidden=\"true\" class=\"fa-accordion-icon icon icon-stopwatch\"><\/i><\/span><span class=\"eael-accordion-tab-title\">Duraci\u00f3n<\/span><i aria-hidden=\"true\" class=\"fa-toggle fas fa-angle-right\"><\/i><\/div><div id=\"elementor-tab-content-1441\" class=\"eael-accordion-content clearfix active-default\" data-tab=\"1\" aria-labelledby=\"duracin\"><p>10 horas<\/p><\/div>\n                <\/div><div class=\"eael-accordion-list\">\n                <div id=\"modalidad\" class=\"elementor-tab-title eael-accordion-header active-default\" tabindex=\"0\" data-tab=\"3\" aria-controls=\"elementor-tab-content-1443\"><span class=\"eael-advanced-accordion-icon-closed\"><i aria-hidden=\"true\" class=\"fa-accordion-icon icon icon-earth\"><\/i><\/span><span class=\"eael-advanced-accordion-icon-opened\"><i aria-hidden=\"true\" class=\"fa-accordion-icon icon icon-earth\"><\/i><\/span><span class=\"eael-accordion-tab-title\">Modalidad<\/span><i aria-hidden=\"true\" class=\"fa-toggle fas fa-angle-right\"><\/i><\/div><div id=\"elementor-tab-content-1443\" class=\"eael-accordion-content clearfix active-default\" data-tab=\"3\" aria-labelledby=\"modalidad\"><p>Presencial (Aula Virtual)<\/p><\/div>\n                <\/div><div class=\"eael-accordion-list\">\n                <div id=\"objetivos\" class=\"elementor-tab-title eael-accordion-header active-default\" tabindex=\"0\" data-tab=\"4\" aria-controls=\"elementor-tab-content-1444\"><span class=\"eael-advanced-accordion-icon-closed\"><i aria-hidden=\"true\" class=\"fa-accordion-icon fas fa-clipboard-list\"><\/i><\/span><span class=\"eael-advanced-accordion-icon-opened\"><i aria-hidden=\"true\" class=\"fa-accordion-icon fas fa-clipboard-list\"><\/i><\/span><span class=\"eael-accordion-tab-title\">Objetivos<\/span><i aria-hidden=\"true\" class=\"fa-toggle fas fa-angle-right\"><\/i><\/div><div id=\"elementor-tab-content-1444\" class=\"eael-accordion-content clearfix active-default\" data-tab=\"4\" aria-labelledby=\"objetivos\"><p>Tras el desarrollo de la acci\u00f3n formativa se pretende que las personas participantes:<\/p><ul><li>Comprendan la importancia de la inteligencia emocional en el contexto de la negociaci\u00f3n colectiva.<\/li><li>Desarrollen habilidades para reconocer y gestionar las emociones propias y de los dem\u00e1s durante el proceso de negociaci\u00f3n.<\/li><li>Fomenten la empat\u00eda y la comunicaci\u00f3n efectiva como elementos clave de la inteligencia emocional en la negociaci\u00f3n.<\/li><li>Identifiquen estrategias para manejar el estr\u00e9s y la presi\u00f3n emocional durante las negociaciones colectivas.<\/li><li>Promuevan un ambiente de negociaci\u00f3n positivo y colaborativo a trav\u00e9s del manejo adecuado de las emociones.<\/li><\/ul><\/div>\n                <\/div><div class=\"eael-accordion-list\">\n                <div id=\"contenidos\" class=\"elementor-tab-title eael-accordion-header active-default\" tabindex=\"0\" data-tab=\"5\" aria-controls=\"elementor-tab-content-1445\"><span class=\"eael-advanced-accordion-icon-closed\"><i aria-hidden=\"true\" class=\"fa-accordion-icon fas fa-boxes\"><\/i><\/span><span class=\"eael-advanced-accordion-icon-opened\"><i aria-hidden=\"true\" class=\"fa-accordion-icon fas fa-boxes\"><\/i><\/span><span class=\"eael-accordion-tab-title\">Contenidos<\/span><i aria-hidden=\"true\" class=\"fa-toggle fas fa-angle-right\"><\/i><\/div><div id=\"elementor-tab-content-1445\" class=\"eael-accordion-content clearfix active-default\" data-tab=\"5\" aria-labelledby=\"contenidos\"><ol><li>Introducci\u00f3n a la Inteligencia Emocional en la Negociaci\u00f3n Colectiva:<ul><li>Definici\u00f3n y conceptos clave.<\/li><li>Importancia de las emociones en el proceso de negociaci\u00f3n.<\/li><\/ul><\/li><li>Reconocimiento y Gesti\u00f3n de Emociones Propias:\u00a0<ul><li>Autoconciencia emocional.<\/li><li>Estrategias para gestionar emociones propias de manera efectiva.<\/li><\/ul><\/li><li>Empat\u00eda y Comprensi\u00f3n Emocional en la Negociaci\u00f3n:\u00a0<ul><li>Desarrollo de la empat\u00eda.<\/li><li>C\u00f3mo entender y gestionar las emociones de los dem\u00e1s.<\/li><\/ul><\/li><li>Comunicaci\u00f3n Emocionalmente Inteligente:\u00a0<ul><li>Uso efectivo del lenguaje emocional.<\/li><li>Escucha activa y expresi\u00f3n clara de emociones.<\/li><\/ul><\/li><li>Manejo del Estr\u00e9s y la Presi\u00f3n en la Negociaci\u00f3n Colectiva:\u00a0<ul><li>T\u00e9cnicas para gestionar el estr\u00e9s.<\/li><li>Estrategias para mantener la calma en situaciones de presi\u00f3n.<\/li><\/ul><\/li><li>Desarrollo de Relaciones Positivas:\u00a0<ul><li>Construcci\u00f3n de relaciones laborales basadas en la confianza.<\/li><li>Importancia de la empat\u00eda en la construcci\u00f3n de alianzas.<\/li><\/ul><\/li><li>Toma de Decisiones Emocionalmente Inteligente:<ul><li>Consideraci\u00f3n de aspectos emocionales en la toma de decisiones.<\/li><li>Evaluaci\u00f3n de consecuencias emocionales.<\/li><\/ul><\/li><li>Manejo de Conflictos desde la Inteligencia Emocional:<ul><li>Estrategias para resolver conflictos de manera positiva.<\/li><li>Transformaci\u00f3n de la energ\u00eda emocional en soluciones constructivas.<\/li><\/ul><\/li><li>Clima Emocional Positivo en la Negociaci\u00f3n Colectiva:<ul><li>Creaci\u00f3n de un ambiente colaborativo y respetuoso.<\/li><li>Estrategias para mantener un clima emocional positivo.<\/li><\/ul><\/li><li>Casos Pr\u00e1cticos y Simulaciones:<ul><li>Aplicaci\u00f3n de t\u00e9cnicas de inteligencia emocional en escenarios de negociaci\u00f3n simulados.<\/li><li>An\u00e1lisis de casos reales de \u00e9xito en la negociaci\u00f3n colectiva mediante la inteligencia emocional.<\/li><\/ul><\/li><\/ol><\/div>\n                <\/div><\/div>\t\t\t\t<\/div>\n\t\t\t\t<\/div>\n\t\t\t\t\t<\/div>\n\t\t\t\t<\/div>\n\t\t\t\t<\/div>\n\t\t","protected":false},"excerpt":{"rendered":"<p>Quiero Inscribirme Duraci\u00f3n 10 horas Modalidad Presencial (Aula Virtual) Objetivos Tras el desarrollo de la acci\u00f3n formativa se pretende que las personas participantes: Comprendan la importancia de la inteligencia emocional en el contexto de la negociaci\u00f3n colectiva. Desarrollen habilidades para reconocer y gestionar las emociones propias y de los dem\u00e1s durante el proceso de negociaci\u00f3n. &#8230; <a title=\"Inteligencia emocional en la negociaci\u00f3n colectiva\" class=\"read-more\" href=\"https:\/\/dialogosocial.campusfsie.es\/inscripciones\/inteligencia-emocional-en-la-negociacion-colectiva\/\" aria-label=\"Leer m\u00e1s sobre Inteligencia emocional en la negociaci\u00f3n colectiva\">Leer m\u00e1s<\/a><\/p>\n","protected":false},"author":4,"featured_media":0,"parent":0,"menu_order":0,"comment_status":"closed","ping_status":"closed","template":"elementor_canvas","meta":{"footnotes":""},"class_list":["post-7042","page","type-page","status-publish"],"_links":{"self":[{"href":"https:\/\/dialogosocial.campusfsie.es\/inscripciones\/wp-json\/wp\/v2\/pages\/7042"}],"collection":[{"href":"https:\/\/dialogosocial.campusfsie.es\/inscripciones\/wp-json\/wp\/v2\/pages"}],"about":[{"href":"https:\/\/dialogosocial.campusfsie.es\/inscripciones\/wp-json\/wp\/v2\/types\/page"}],"author":[{"embeddable":true,"href":"https:\/\/dialogosocial.campusfsie.es\/inscripciones\/wp-json\/wp\/v2\/users\/4"}],"replies":[{"embeddable":true,"href":"https:\/\/dialogosocial.campusfsie.es\/inscripciones\/wp-json\/wp\/v2\/comments?post=7042"}],"version-history":[{"count":22,"href":"https:\/\/dialogosocial.campusfsie.es\/inscripciones\/wp-json\/wp\/v2\/pages\/7042\/revisions"}],"predecessor-version":[{"id":7796,"href":"https:\/\/dialogosocial.campusfsie.es\/inscripciones\/wp-json\/wp\/v2\/pages\/7042\/revisions\/7796"}],"wp:attachment":[{"href":"https:\/\/dialogosocial.campusfsie.es\/inscripciones\/wp-json\/wp\/v2\/media?parent=7042"}],"curies":[{"name":"wp","href":"https:\/\/api.w.org\/{rel}","templated":true}]}}